{"id":65,"date":"2017-10-12T13:54:33","date_gmt":"2017-10-12T13:54:33","guid":{"rendered":"http:\/\/tomei.albweb.al\/?page_id=65"},"modified":"2018-07-13T07:36:36","modified_gmt":"2018-07-13T07:36:36","slug":"home","status":"publish","type":"page","link":"https:\/\/tomei.al\/","title":{"rendered":"Home"},"content":{"rendered":"<div class=\"wpb-content-wrapper\"><p>[vc_row gap=&#8221;35&#8243;][vc_column width=&#8221;1\/3&#8243; css=&#8221;.vc_custom_1507898423495{background-color: #373630 !important;}&#8221;][vc_column_text css=&#8221;.vc_custom_1507896643291{background-color: #373630 !important;}&#8221;]<\/p>\n<h1 style=\"color: #ffffff; font-size: 36px; padding-bottom: 15px; font-family: 'Open Sans'; text-align: center;\"><em>Mir\u00ebsevini<\/em><\/h1>\n<p>[\/vc_column_text][vc_single_image image=&#8221;258&#8243; img_size=&#8221;full&#8221; alignment=&#8221;center&#8221; image_hovers=&#8221;false&#8221; css=&#8221;.vc_custom_1508170344725{margin-top: -40px !important;}&#8221;][vc_column_text css=&#8221;.vc_custom_1508438792444{margin-top: -35px !important;background-color: #373630 !important;}&#8221;]<\/p>\n<p style=\"color: #ffffff; text-align: center; padding-top: 20px;\">TOMEI vjen tek ju si nje distributor i suksesshem i firmes prestigjoze &#8220;ETRO&#8221;. Letra murale te nje cilesie te larte per nje ambjent bashkekohor.<\/p>\n<p>[\/vc_column_text][vc_btn title=&#8221;ME TEP\u00cbR&#8221; color=&#8221;default&#8221; align=&#8221;center&#8221; link=&#8221;url:%2Findex.php%2Fproduct-category%2Fetro%2F|||&#8221;][vc_empty_space height=&#8221;30px&#8221;][\/vc_column][vc_column width=&#8221;2\/3&#8243;][vc_row_inner gap=&#8221;35&#8243; css=&#8221;.vc_custom_1507898612341{margin-top: -16px !important;}&#8221;][vc_column_inner width=&#8221;1\/2&#8243; css=&#8221;.vc_custom_1507898496799{background-color: #d5bd47 !important;}&#8221;][vc_column_text]<\/p>\n<h1 style=\"color: #ffffff; font-size: 36px; padding-bottom: 15px; font-family: 'Open Sans'; text-align: center;\"><em>Ide<\/em><\/h1>\n<p>[\/vc_column_text][vc_single_image image=&#8221;123&#8243; img_size=&#8221;full&#8221; alignment=&#8221;center&#8221; image_hovers=&#8221;false&#8221; css=&#8221;.vc_custom_1507897235927{margin-top: -40px !important;}&#8221;][vc_column_text css=&#8221;.vc_custom_1508438902283{margin-top: -35px !important;margin-bottom: 20px !important;}&#8221;]<\/p>\n<p style=\"color: #ffffff; text-align: center; padding-top: 20px;\">Ide pafund per nje arredim fantastik te ambjenteve tuaja ashtu sikurse ju e deshironi.<\/p>\n<p>[\/vc_column_text][\/vc_column_inner][vc_column_inner width=&#8221;1\/2&#8243; css=&#8221;.vc_custom_1507898507927{background-color: #d1483a !important;}&#8221;][vc_column_text]<\/p>\n<h1 style=\"color: #ffffff; font-size: 36px; padding-bottom: 15px; font-family: 'Open Sans'; text-align: center;\"><em>Dizajn<\/em><\/h1>\n<p>[\/vc_column_text][vc_single_image image=&#8221;124&#8243; img_size=&#8221;full&#8221; alignment=&#8221;center&#8221; image_hovers=&#8221;false&#8221; css=&#8221;.vc_custom_1507897387392{margin-top: -40px !important;}&#8221;][vc_column_text css=&#8221;.vc_custom_1508439000423{margin-top: -35px !important;margin-bottom: 20px !important;}&#8221;]<\/p>\n<p style=\"color: #ffffff; text-align: center; padding-top: 20px;\">Letra murale te shumellojshme, me dizajne fantastike dhe ngjyra teper te ngrohta.<\/p>\n<p>[\/vc_column_text][\/vc_column_inner][\/vc_row_inner][vc_empty_space height=&#8221;10px&#8221;][vc_row_inner css=&#8221;.vc_custom_1507899518078{padding-top: 30px !important;padding-bottom: 50px !important;background-image: url(http:\/\/tomei.albweb.al\/wp-content\/uploads\/2017\/10\/566-43977-1.jpg?id=133) !important;}&#8221;][vc_column_inner width=&#8221;2\/3&#8243;][vc_column_text]<\/p>\n<h1 style=\"text-align: center; font-size: 35px;\"><span style=\"color: #d1483a;\">SHIH <\/span><span style=\"color: #d5bd47;\">KATALOGUN<\/span><span style=\"color: #373630e;\"> E PUNIMEVE<\/span><\/h1>\n<p>[\/vc_column_text][\/vc_column_inner][vc_column_inner width=&#8221;1\/3&#8243;][vc_btn title=&#8221;Shfleto Katalogun&#8221; style=&#8221;custom&#8221; custom_background=&#8221;#d1483a&#8221; custom_text=&#8221;#ffffff&#8221; align=&#8221;center&#8221;][\/vc_column_inner][\/vc_row_inner][\/vc_column][\/vc_row][vc_row][vc_column][vc_empty_space][\/vc_column][\/vc_row][vc_row full_width=&#8221;stretch_row&#8221; css=&#8221;.vc_custom_1531467001955{margin-bottom: -70px !important;background-image: url(https:\/\/tomei.al\/wp-content\/uploads\/2017\/10\/McWall-Slider-7-1.jpg?id=1349) !important;background-position: center !important;background-repeat: no-repeat !important;background-size: cover !important;}&#8221;][vc_column][vc_empty_space height=&#8221;100px&#8221;][vc_row_inner][vc_column_inner width=&#8221;1\/2&#8243;][vc_custom_heading text=&#8221;IDET\u00cb &amp; ZGJIDHJET M\u00cb T\u00cb MIRA P\u00cbR JU&#8221; font_container=&#8221;tag:h1|text_align:left|color:%23ffffff&#8221; google_fonts=&#8221;font_family:Open%20Sans%3A300%2C300italic%2Cregular%2Citalic%2C600%2C600italic%2C700%2C700italic%2C800%2C800italic|font_style:600%20bold%20regular%3A600%3Anormal&#8221;][\/vc_column_inner][vc_column_inner width=&#8221;1\/4&#8243;][vc_empty_space][vc_btn title=&#8221;KONTAKTO&#8221; style=&#8221;outline-custom&#8221; outline_custom_color=&#8221;#ffffff&#8221; outline_custom_hover_background=&#8221;#d1351d&#8221; outline_custom_hover_text=&#8221;#ffffff&#8221; align=&#8221;center&#8221; link=&#8221;url:%2Findex.php%2Fkontakt%2F|||&#8221;][\/vc_column_inner][vc_column_inner width=&#8221;1\/4&#8243;][\/vc_column_inner][\/vc_row_inner][vc_row_inner][vc_column_inner width=&#8221;1\/2&#8243;][\/vc_column_inner][vc_column_inner width=&#8221;1\/6&#8243;][\/vc_column_inner][vc_column_inner width=&#8221;1\/3&#8243;][\/vc_column_inner][\/vc_row_inner][vc_empty_space height=&#8221;100px&#8221;][\/vc_column][\/vc_row]<\/p>\n<\/div>","protected":false},"excerpt":{"rendered":"<p>[vc_row gap=&#8221;35&#8243;][vc_column width=&#8221;1\/3&#8243; css=&#8221;.vc_custom_1507898423495{background-color: #373630 !important;}&#8221;][vc_column_text css=&#8221;.vc_custom_1507896643291{background-color: #373630 !important;}&#8221;] Mir\u00ebsevini [\/vc_column_text][vc_single_image image=&#8221;258&#8243; img_size=&#8221;full&#8221; alignment=&#8221;center&#8221; image_hovers=&#8221;false&#8221; css=&#8221;.vc_custom_1508170344725{margin-top: -40px !important;}&#8221;][vc_column_text css=&#8221;.vc_custom_1508438792444{margin-top: -35px !important;background-color: #373630 !important;}&#8221;] TOMEI vjen tek ju si nje distributor i suksesshem i firmes prestigjoze &#8220;ETRO&#8221;. Letra murale te nje cilesie te larte per nje ambjent bashkekohor. [\/vc_column_text][vc_btn title=&#8221;ME TEP\u00cbR&#8221; color=&#8221;default&#8221; align=&#8221;center&#8221; link=&#8221;url:%2Findex.php%2Fproduct-category%2Fetro%2F|||&#8221;][vc_empty_space height=&#8221;30px&#8221;][\/vc_column][vc_column width=&#8221;2\/3&#8243;][vc_row_inner&hellip;<\/p>\n","protected":false},"author":3,"featured_media":0,"parent":0,"menu_order":0,"comment_status":"closed","ping_status":"closed","template":"","meta":{"footnotes":""},"class_list":["post-65","page","type-page","status-publish","hentry","description-off"],"_links":{"self":[{"href":"https:\/\/tomei.al\/index.php\/wp-json\/wp\/v2\/pages\/65","targetHints":{"allow":["GET"]}}],"collection":[{"href":"https:\/\/tomei.al\/index.php\/wp-json\/wp\/v2\/pages"}],"about":[{"href":"https:\/\/tomei.al\/index.php\/wp-json\/wp\/v2\/types\/page"}],"author":[{"embeddable":true,"href":"https:\/\/tomei.al\/index.php\/wp-json\/wp\/v2\/users\/3"}],"replies":[{"embeddable":true,"href":"https:\/\/tomei.al\/index.php\/wp-json\/wp\/v2\/comments?post=65"}],"version-history":[{"count":22,"href":"https:\/\/tomei.al\/index.php\/wp-json\/wp\/v2\/pages\/65\/revisions"}],"predecessor-version":[{"id":1350,"href":"https:\/\/tomei.al\/index.php\/wp-json\/wp\/v2\/pages\/65\/revisions\/1350"}],"wp:attachment":[{"href":"https:\/\/tomei.al\/index.php\/wp-json\/wp\/v2\/media?parent=65"}],"curies":[{"name":"wp","href":"https:\/\/api.w.org\/{rel}","templated":true}]}}